e of 0 - 8 - (343 - 334) - 32?
-49
What is -620 + 595 + -1 + 31 - (48 + -1)?
-42
Evaluate -25 + -27 + 49 - 5 - -36.
28
What is (20 - (-26 + 29 + 48)) + 53?
22
Evaluate 44 + 6 + -42 - -29.
37
Calculate -16 - (-45 - -84 - 57).
2
What is -213 - (-125 + -60 + 72)?
-100
Calculate -32 + 34 + -13 + -24 + (8 - 2).
-29
What is the value of 0 - -3 - (38 + -6 + (-123 - -26)) - 6?
62
-6 - (-1 + -6) - -2 - 2 - (4 - 4)
1
6 + 72 - (8 - -40)
30
What is 14 - (-6 - -14) - 2 - (54 + -17)?
-33
63 + (-145 - (-115 - -2))
31
Calculate -2 + -14 + 2 - (324 - 364).
26
What is the value of (-204 - -240) + (23 - 49)?
10
What is -63 - (2 + -70 + 35)?
-30
What is the value of (1 - 3) + (-16 - -19) + 97 + -87 - 0?
11
25 - 13 - (-3 - -33)
-18
148 + -115 + -31 - (1 + 1)
0
What is 107 + (2 - (-22 - (26 + -31 + -24)))?
102
What is the value of 8 - (-1 - -16 - (-58 + (108 - 35)))?
8
What is -86 - (-13 - (8 + -37) - 10)?
-92
Evaluate -5 - (11 + -93) - (21 + -25 - (-2 - 1)).
78
Evaluate -59 - (-119 + 45 + 0).
15
What is 12 + -1 - 7 - (167 - 101)?
-62
What is the value of -1015 + 1006 - ((9 - 9) + -109 + 1 + 1)?
98
What is the value of 1 - (-13 + 0) - (38 - (-141 + 98))?
-67
What is the value of (-1 - -1) + (36 + -16 - 83)?
-63
Calculate 6 + (-10 - -16) + (-15 - -19 - -95).
111
Calculate -8 + 1 + -994 + 1011.
10
(-4 - (2 - (0 + 3 - -8)) - 55) + 9
-41
What is 5 - (-3 + (-10 - -1) + -2 - -4)?
15
Calculate -7 - (-12 + (-16 - (-1 - 13))).
7
What is the value of 8 - 2 - (128 - 150) - 122?
-94
What is -97 - (-36 + 2 - (29 + -51) - -21)?
-106
Evaluate 17 + -2 + (-3 - 40 - -39) - -30.
41
Evaluate 5 + (-23 - -44) + 17 - -11.
54
Evaluate 2 + (-50 - ((-2 - -4) + 4 + (6 - 7))).
-53
-902 + 897 - (-1 + -3 + -9)
8
What is the value of 1 + (37 + -15 - 22) + 44?
45
316 + -310 + (65 - (-1 + 3))
69
-19 + (-25 - -75) - ((0 - 6) + (-9 - -6))
40
Evaluate -54 - -30 - -8 - (-6 + 24).
-34
What is (-7 - 35) + (-254 - -253)?
-43
What is the value of 1 + 3 - -98 - ((37 - 68) + 6 + 14)?
113
Evaluate 8 + 0 - (76 + -128 + (8 - 0)).
52
Evaluate 412 + -446 + (-4 - 2 - -18).
-22
What is -66 - (48 + -198) - 74?
10
Calculate 115 + -48 + 29 + -49.
47
Evaluate 34 + -1 - (317 + -262).
-22
What is 43 + -137 + (12 - (-28 - -24))?
-78
(31 - 30 - ((6 - 14) + -5)) + -62
-48
Evaluate (-8 - -8) + -5 + (4 - -1) + (914 - 927).
-13
What is 2 - (4 + -4 + 5 + 13)?
-16
Calculate 35 + (-40 - (13 + 10)).
-28
Evaluate (-49 - (-11 + -36)) + 19.
17
Calculate 114 + 17 + (603 - 676).
58
What is 29 + -6 + -23 + 5 + 45?
50
What is (20 - (18 - -20 - 10)) + 1 + -9?
-16
Calculate -51 - (-193 - -101) - 30.
11
Evaluate -51 + (-1446 - -1487) + 0 + -66.
-76
What is the value of -259 + 299 + 11 + -90?
-39
Evaluate 8 + (-1 - (-1 - -9)) + 11 + 1.
11
-129 - (40 + -124) - -73
28
Calculate -68 + (193 - 37) + -245.
-157
What is -98 - (-24 + -29 + 9)?
-54
Calculate 28 + (-30 + 21 + -18 - -6) - (0 + 100).
-93
What is 0 + 29 + (-5 - -29) + -28?
25
What is -19 + (-13 - -23) - (0 - -10 - 41)?
22
Evaluate -56 + 105 + 8 - -11.
68
What is 58 + 1 + -6 + -4 + (19 - 11)?
57
143 - (-14 - (15 + -23 + (-9 - (12 + -12))))
140
24 + -22 - 18 - -40 - 8
16
What is -3 - (-1 - -24) - (-352 - -350)?
-24
Calculate 12 + 26 + -73 + 34.
-1
-115 - (-11 - (-46 + 168))
18
-936 - -967 - (1 - -44) - (0 - 103)
89
What is the value of -42 + 121 + -28 + 2 + -4 + 1?
50
What is (-5 - 13) + (32 + -45 - -51)?
20
Calculate -87 + 212 + -126 + (-5 - -48) + 1 + -4.
39
What is the value of 0 + 31 - 18 - 31?
-18
What is -54 - -79 - (81 + 12)?
-68
What is the value of -15 - (-62 + -7 + 18 - -10) - -2?
28
Evaluate 10 - (1 - (-74 - 5)) - (-20 + 14).
-64
-6 + (-2 - 1) - (-7230 - -7238)
-17
What is 72 - (30 - ((-21 - -27) + -2))?
46
Evaluate 2725 + -2733 - (0 + -4 + -3 + 3).
-4
What is the value of 6 + (1 - (12 - 6) - (-54 - -60))?
-5
Calculate (-36 - (24 + -48)) + (-1 - (0 - (-3 + 8))).
-8
What is -30 + -271 + 279 - (-124 - 2 - 0)?
104
Evaluate -4 + 17 + (-221 - -229) + 79.
100
What is the value of 25 + (-5 - -2 - (-22 + 11 + 10) - 6)?
17
11 - (6 - (-3 + (8 - (5 - 8))) - -67)
-54
Evaluate (-20 + 0 - 2) + 0 + -428 + 425.
-25
What is the value of 378 + -383 + (-31 - -6 - 2)?
-32
(19 - 39 - 9) + 16
-13
What is the value of -3 - 164 - (1878 + -1980)?
-65
46 + (-30 - -21) + 25
62
What is the value of 1176 + -1162 + (-68 - 1)?
-55
What is the value of (0 - (-16 - -179 - 43)) + 42?
-78
What is 6 - (28 - (27 - 15) - (-4 - (49 - -3)))?
-66
What is the value of 2 + 0 - (0 + 9) - (1 - -12 - 39)?
19
What is the value of ((-26 - -4) + 37 - 16) + -3?
-4
Calculate 5 - (5 + -8 - 37) - (-20 + -16 + 35).
46
Calculate 61 + (39 + -215 - -51).
-64
Evaluate -53 - (10 + -17) - ((-10 - -2) + 3).
-41
Evaluate -94 - -57 - -6 - (-3 - 85).
57
5 + (-7 - (-2 - ((4 - -1) + -35 + 27)))
-3
Calculate (75 - 47) + -26 - -31.
33
-259 + 3 + (-5 - -144)
-117
Evaluate (-65 - -119) + -50 - ((3 - 8) + 19).
-10
-7 + 2 + (-16 - -2) + 43 + -13
11
Evaluate (-5 - (-3 + 6)) + 3 + -1 - (-6 - -1).
-1
-5 - -5 - (152 - 170 - (38 + 1))
57
What is -96 + -10 + -3 + (-20 - -15 - -23) + -3?
-94
Calculate 2 - -7 - (-164 - -161).
12
What is the value of -53 + -87 + 74 + -7?
-73
What is 60 - (0 + 1 - ((6 - -17) + -18 - 9))?
55
Evaluate (27 - 3) + -35 - (70 + -1 + 3 + 2).
-85
Evaluate 116 - (-1 + 84) - (1 + -38).
70
-11 + (48 - (21 + (14 - 21)))
23
Calculate 274 - (170 + 219) - (-30 + -1).
-84
Evaluate -13 + (-2 + 2 - -8 - 12 - (7 + -13)).
-11
What is 715 - 730 - (-2 - 19) - (-1 + 85 + 3)?
-81
4 + -120 - (-134 - 94)
112
Calculate -17 + (20 + -2 - 20) - 28.
-47
Calculate 61 - (1 - (17 + -20) - (2 + -2 - 2)).
55
What is the value of -18 + 23 + 24 + 2 + -103 + (-11 - -1)?
-82
What is -22 + 35 + -53 + 54?
14
Calculate -42 + 54 + 38 - 59.
-9
Evaluate (4 + -3 - (-21 - -3)) + (20 - 7 - 17).
15
What is the value of -15 - -22 - (3 - -2) - (0 + -40)?
42
Evaluate (-52 - -2) + 36 + 74.
60
Calculate 22 + (-15 - (-9 - -4)) - (72 - -6).
-66
What is (-14 - -18) + 17 + -7 - (-1 - 37)?
52
Calculate (-66 - 0) + 120 + -28 + -103.
-77
Evaluate -64 + -44 + (73 - 23).
-58
Evaluate 11 - (-3 + -2) - (-1 - (-4 - 11)).
2
What is (-20 - (-34 + 14)) + 2 + -13 + -43?
-54
42 + 44 + -71 + 3 + -11 + (0 - 3)
4
Calculate 5 + 31 - (13 - (-3 + (-8 - -9) + 8)).
29
Calculate -15 - (-47 + 75 - 32).
-11
What is (-46 - -96) + -49 + 1 + 24?
26
Calculate (-5 - 2) + 0 + (-10 + -30 - (19 + -40)).
-26
-27 + 28 - (-2 - (75 - (-3 + 6)))
75
(30 - 24) + (-46 - -8) + 28
-4
What is the value of -2 - (-8 - (13 + -42) - 7)?
-16
Evaluate 71 + -165 + 57 + -87.
-124
What is the value of (-940 - -835) + 0 + 121?
16
1 + -2 - ((-620 - -659 - (-1 + 18)) + -87)
64
(-15 - ((2 - -3) + (-11 - 3))) + -13
-19
(-239 - -182) + 3 + 33
-21
-55 + -3 - (16 + -23 - 3)
-48
What is the value of 3013 + -3112 + 6 + 52?
-41
(41 - 14 - 69) + 8
-34
Evaluate -2 + (95 - (208 - 59)).
-56
Calculate (-13 - (19 - 4) - -14) + -9 + -3.
-26
Calculate -16 - (4 - 5) - (-24 + 18) - -26.
17
What is the value of (15 + 58 + -40 - 32) + 24 + -1 - 12?
12
Calculate 103 - (16 + 1 + -8 + 12 + -17 - 16).
115
Evaluate -32 + 16 + 64 - 94.
-46
-129 - -146 - (43 + 40)
-66
What is the value of 4 + (0 - 1 - 2) - -1 - (-218 + 186)?
34
11 - ((61 - 14) + 3)
-39
Calculate -4266 + 4361 - (96 - 1).
0
What is the value of -90 - -19 - -183 - 141?
-29
What is -86 - 2 - (1964 - 2008)?
-44
What is -1 - 4 - (38 - 72) - (-9 + 2)?
36
Calculate (-1 + 1 - 12) + -198 + 214 + -5 - 50.
-51
Calculate (30 - (15 + -24)) + 8 + (2 - (-1 - -5)).
45
-24 - 2 - (1390 - 1463)
47
Evaluate 457 - 469 - (-21 + -1).
10
Evaluate -2346 + 2246 - (0 - 54).
-46
What is the value of 11 - (-8 - (8 - 13)) - -22?
36
Calculate 1 - 0 - 23 - (-690 + 701).
-33
Evaluate -12 - (-14 - -10) - (-7 + 4 + -8 + 4).
-1
Calculate 19 + (20 - (-38 + 69)) + 6 + -1 - -16.
29
What is 2 + -1 + (300 - 259) + -7 + (1 - 2)?
34
400 + -382 + (-5 + (4 - 3) - (-1 + 1))
14
Calculate -58 - (-18 + (81 - 82)).
-39
Evaluate 0 + 50 + (-47 - ((-12 - 57) + 16)).
56
What is the value of 57 + -48 + 2 + 41?
52
What is the value of -2 + (1 + 2 - 0) - 3 - (-420 + 470)?
-52
What is the value of -185 + -119 + (-129 - -376)?
-57
Evaluate -40 - -53 - (-5 + -2 - 8).
28
(-10 - 0) + (-13 - -26) + -6 + 4 + -12
-11
Calculate (76 + -6 - -14) + -10 - 15.
59
Evaluate 117 + -218 + 271 + -99.
71
What is the value of (-24 - -46) + -134 + 73?
-39
What is 9 + -4